{"id":14519,"date":"2023-03-17T15:26:06","date_gmt":"2023-03-17T15:26:06","guid":{"rendered":"https:\/\/winandwinnow.com\/site\/?page_id=14519"},"modified":"2026-03-25T18:48:43","modified_gmt":"2026-03-25T18:48:43","slug":"contacto","status":"publish","type":"page","link":"https:\/\/winandwinnow.com\/site\/es\/contacto\/","title":{"rendered":"Contacto"},"content":{"rendered":"\t\t<div data-elementor-type=\"wp-page\" data-elementor-id=\"14519\" class=\"elementor elementor-14519\" data-elementor-post-type=\"page\">\n\t\t\t\t\t\t<section class=\"elementor-section elementor-top-section elementor-element elementor-element-f37893e elementor-section-full_width elementor-section-height-default elementor-section-height-default\" data-id=\"f37893e\" data-element_type=\"section\" data-e-type=\"section\" data-settings=\"{&quot;background_background&quot;:&quot;classic&quot;}\">\n\t\t\t\t\t\t\t<div class=\"elementor-background-overlay\"><\/div>\n\t\t\t\t\t\t\t<div class=\"elementor-container elementor-column-gap-default\">\n\t\t\t\t\t<div class=\"elementor-column elementor-col-100 elementor-top-column elementor-element elementor-element-5241f61\" data-id=\"5241f61\" data-element_type=\"column\" data-e-type=\"column\">\n\t\t\t<div class=\"elementor-widget-wrap elementor-element-populated\">\n\t\t\t\t\t\t<div class=\"elementor-element elementor-element-1b24798 elementor-widget__width-inherit elementor-widget elementor-widget-heading\" data-id=\"1b24798\" data-element_type=\"widget\" data-e-type=\"widget\" data-widget_type=\"heading.default\">\n\t\t\t\t<div class=\"elementor-widget-container\">\n\t\t\t\t\t<h1 class=\"elementor-heading-title elementor-size-default\">\u00a1Cont\u00e1ctanos!<\/h1>\t\t\t\t<\/div>\n\t\t\t\t<\/div>\n\t\t\t\t<div class=\"elementor-element elementor-element-e60cabf elementor-widget elementor-widget-text-editor\" data-id=\"e60cabf\" data-element_type=\"widget\" data-e-type=\"widget\" data-widget_type=\"text-editor.default\">\n\t\t\t\t<div class=\"elementor-widget-container\">\n\t\t\t\t\t\t\t\t\t<p>Nos encantar\u00eda conocerte, comprender tus objetivos de comunicaci\u00f3n y dise\u00f1ar juntos la mejor soluci\u00f3n multiling\u00fce y accesible.<br \/><!-- notionvc: 4f6c1e78-5912-42c4-b61e-9c2362168e2d --><\/p>\t\t\t\t\t\t\t\t<\/div>\n\t\t\t\t<\/div>\n\t\t\t\t<div class=\"elementor-element elementor-element-5529440 elementor-align-left elementor-widget elementor-widget-button\" data-id=\"5529440\" data-element_type=\"widget\" data-e-type=\"widget\" data-widget_type=\"button.default\">\n\t\t\t\t<div class=\"elementor-widget-container\">\n\t\t\t\t\t\t\t\t\t<div class=\"elementor-button-wrapper\">\n\t\t\t\t\t<a class=\"elementor-button elementor-button-link elementor-size-sm\" href=\"https:\/\/meetings.hubspot.com\/ceciliacalonico\/intro-meeting\" target=\"_blank\" rel=\"noopener\">\n\t\t\t\t\t\t<span class=\"elementor-button-content-wrapper\">\n\t\t\t\t\t\t\t\t\t<span class=\"elementor-button-text\">Agenda una reuni\u00f3n<\/span>\n\t\t\t\t\t<\/span>\n\t\t\t\t\t<\/a>\n\t\t\t\t<\/div>\n\t\t\t\t\t\t\t\t<\/div>\n\t\t\t\t<\/div>\n\t\t\t\t\t<\/div>\n\t\t<\/div>\n\t\t\t\t\t<\/div>\n\t\t<\/section>\n\t\t<div class=\"elementor-element elementor-element-2ad5d0b e-con-full e-flex e-con e-parent\" data-id=\"2ad5d0b\" data-element_type=\"container\" data-e-type=\"container\">\n\t\t<div class=\"elementor-element elementor-element-10f9bd9 e-con-full e-flex e-con e-child\" data-id=\"10f9bd9\" data-element_type=\"container\" data-e-type=\"container\" data-settings=\"{&quot;background_background&quot;:&quot;classic&quot;}\">\n\t\t\t\t<div class=\"elementor-element elementor-element-c6f6e7b elementor-widget__width-initial elementor-widget elementor-widget-heading\" data-id=\"c6f6e7b\" data-element_type=\"widget\" data-e-type=\"widget\" data-widget_type=\"heading.default\">\n\t\t\t\t<div class=\"elementor-widget-container\">\n\t\t\t\t\t<h2 class=\"elementor-heading-title elementor-size-default\">Env\u00edanos un mensaje r\u00e1pido\u200b<\/h2>\t\t\t\t<\/div>\n\t\t\t\t<\/div>\n\t\t\t\t<div class=\"elementor-element elementor-element-2fce68f elementor-widget__width-initial elementor-widget elementor-widget-text-editor\" data-id=\"2fce68f\" data-element_type=\"widget\" data-e-type=\"widget\" data-widget_type=\"text-editor.default\">\n\t\t\t\t<div class=\"elementor-widget-container\">\n\t\t\t\t\t\t\t\t\t<p><span style=\"font-weight: 400;\">Cu\u00e9ntanos sobre tu proyecto y tus necesidades y nos pondremos en contacto pronto para acercarte una propuesta.<\/span><\/p>\t\t\t\t\t\t\t\t<\/div>\n\t\t\t\t<\/div>\n\t\t\t\t<div class=\"elementor-element elementor-element-fea4c50 elementor-widget elementor-widget-html\" data-id=\"fea4c50\" data-element_type=\"widget\" data-e-type=\"widget\" data-widget_type=\"html.default\">\n\t\t\t\t<div class=\"elementor-widget-container\">\n\t\t\t\t\t<script charset=\"utf-8\" type=\"text\/javascript\" src=\"\/\/js.hsforms.net\/forms\/embed\/v2.js\"><\/script>\r\n<script>\r\n  hbspt.forms.create({\r\n    portalId: \"23472818\",\r\n    formId: \"50eba2e2-bc6a-4d3f-b0e4-a9bb5f2e0f5c\",\r\n    region: \"na1\"\r\n  });\r\n<\/script>\t\t\t\t<\/div>\n\t\t\t\t<\/div>\n\t\t\t\t<\/div>\n\t\t\t\t<\/div>\n\t\t\t\t<\/div>\n\t\t","protected":false},"excerpt":{"rendered":"<p>\u00a1Cont\u00e1ctanos! Nos encantar\u00eda conocerte, comprender tus objetivos de comunicaci\u00f3n y dise\u00f1ar juntos la mejor soluci\u00f3n multiling\u00fce y accesible. Agenda una reuni\u00f3n Env\u00edanos un mensaje r\u00e1pido\u200b Cu\u00e9ntanos sobre tu proyecto y tus necesidades y nos pondremos en contacto pronto para acercarte una propuesta.<\/p>\n","protected":false},"author":1,"featured_media":0,"parent":0,"menu_order":0,"comment_status":"closed","ping_status":"closed","template":"","meta":{"content-type":"","om_disable_all_campaigns":false,"_monsterinsights_skip_tracking":false,"_monsterinsights_sitenote_active":false,"_monsterinsights_sitenote_note":"","_monsterinsights_sitenote_category":0,"footnotes":""},"class_list":["post-14519","page","type-page","status-publish","hentry"],"_links":{"self":[{"href":"https:\/\/winandwinnow.com\/site\/wp-json\/wp\/v2\/pages\/14519","targetHints":{"allow":["GET"]}}],"collection":[{"href":"https:\/\/winandwinnow.com\/site\/wp-json\/wp\/v2\/pages"}],"about":[{"href":"https:\/\/winandwinnow.com\/site\/wp-json\/wp\/v2\/types\/page"}],"author":[{"embeddable":true,"href":"https:\/\/winandwinnow.com\/site\/wp-json\/wp\/v2\/users\/1"}],"replies":[{"embeddable":true,"href":"https:\/\/winandwinnow.com\/site\/wp-json\/wp\/v2\/comments?post=14519"}],"version-history":[{"count":16,"href":"https:\/\/winandwinnow.com\/site\/wp-json\/wp\/v2\/pages\/14519\/revisions"}],"predecessor-version":[{"id":19153,"href":"https:\/\/winandwinnow.com\/site\/wp-json\/wp\/v2\/pages\/14519\/revisions\/19153"}],"wp:attachment":[{"href":"https:\/\/winandwinnow.com\/site\/wp-json\/wp\/v2\/media?parent=14519"}],"curies":[{"name":"wp","href":"https:\/\/api.w.org\/{rel}","templated":true}]}}