{"id":14461,"date":"2023-03-16T16:36:40","date_gmt":"2023-03-16T16:36:40","guid":{"rendered":"https:\/\/winandwinnow.com\/site\/?page_id=14461"},"modified":"2026-04-07T15:38:59","modified_gmt":"2026-04-07T15:38:59","slug":"unete-al-equipo","status":"publish","type":"page","link":"https:\/\/winandwinnow.com\/site\/es\/unete-al-equipo\/","title":{"rendered":"\u00danete al equipo"},"content":{"rendered":"\t\t<div data-elementor-type=\"wp-page\" data-elementor-id=\"14461\" class=\"elementor elementor-14461\" data-elementor-post-type=\"page\">\n\t\t\t\t\t\t<section class=\"elementor-section elementor-top-section elementor-element elementor-element-5ac2e15 elementor-section-full_width elementor-section-height-default elementor-section-height-default\" data-id=\"5ac2e15\" data-element_type=\"section\" data-e-type=\"section\" data-settings=\"{&quot;background_background&quot;:&quot;classic&quot;}\">\n\t\t\t\t\t\t\t<div class=\"elementor-background-overlay\"><\/div>\n\t\t\t\t\t\t\t<div class=\"elementor-container elementor-column-gap-default\">\n\t\t\t\t\t<div class=\"elementor-column elementor-col-100 elementor-top-column elementor-element elementor-element-954b5cb\" data-id=\"954b5cb\" data-element_type=\"column\" data-e-type=\"column\">\n\t\t\t<div class=\"elementor-widget-wrap elementor-element-populated\">\n\t\t\t\t\t\t<div class=\"elementor-element elementor-element-8a0f11a elementor-widget__width-initial elementor-widget-mobile__width-inherit elementor-widget elementor-widget-heading\" data-id=\"8a0f11a\" data-element_type=\"widget\" data-e-type=\"widget\" data-widget_type=\"heading.default\">\n\t\t\t\t<div class=\"elementor-widget-container\">\n\t\t\t\t\t<h1 class=\"elementor-heading-title elementor-size-default\">\u00a1Queremos trabajar con personas como t\u00fa!\u200b<\/h1>\t\t\t\t<\/div>\n\t\t\t\t<\/div>\n\t\t\t\t<div class=\"elementor-element elementor-element-2be0eb7 elementor-widget elementor-widget-text-editor\" data-id=\"2be0eb7\" data-element_type=\"widget\" data-e-type=\"widget\" data-widget_type=\"text-editor.default\">\n\t\t\t\t<div class=\"elementor-widget-container\">\n\t\t\t\t\t\t\t\t\t<p><span style=\"color: #ffffff;\">Impacta a trav\u00e9s del lenguaje. \u00danete a nuestra misi\u00f3n de hacer posible la transformaci\u00f3n de la vida a trav\u00e9s de la comunicaci\u00f3n global y la informaci\u00f3n accesible.<\/span><br \/><!-- notionvc: 4f6c1e78-5912-42c4-b61e-9c2362168e2d --><\/p>\t\t\t\t\t\t\t\t<\/div>\n\t\t\t\t<\/div>\n\t\t\t\t<div class=\"elementor-element elementor-element-44a298b elementor-align-left elementor-widget elementor-widget-button\" data-id=\"44a298b\" data-element_type=\"widget\" data-e-type=\"widget\" data-widget_type=\"button.default\">\n\t\t\t\t<div class=\"elementor-widget-container\">\n\t\t\t\t\t\t\t\t\t<div class=\"elementor-button-wrapper\">\n\t\t\t\t\t<a class=\"elementor-button elementor-button-link elementor-size-sm\" href=\"https:\/\/winandwinnow.bamboohr.com\/careers\" target=\"_blank\" rel=\"noopener\">\n\t\t\t\t\t\t<span class=\"elementor-button-content-wrapper\">\n\t\t\t\t\t\t\t\t\t<span class=\"elementor-button-text\">Puestos Full-Time<\/span>\n\t\t\t\t\t<\/span>\n\t\t\t\t\t<\/a>\n\t\t\t\t<\/div>\n\t\t\t\t\t\t\t\t<\/div>\n\t\t\t\t<\/div>\n\t\t\t\t<div class=\"elementor-element elementor-element-6f08c02 elementor-align-left elementor-widget elementor-widget-button\" data-id=\"6f08c02\" data-element_type=\"widget\" data-e-type=\"widget\" data-widget_type=\"button.default\">\n\t\t\t\t<div class=\"elementor-widget-container\">\n\t\t\t\t\t\t\t\t\t<div class=\"elementor-button-wrapper\">\n\t\t\t\t\t<a class=\"elementor-button elementor-button-link elementor-size-sm\" href=\"https:\/\/winandwinnow.com\/site\/join-our-freelance-team\/\" target=\"_blank\">\n\t\t\t\t\t\t<span class=\"elementor-button-content-wrapper\">\n\t\t\t\t\t\t\t\t\t<span class=\"elementor-button-text\">Oportunidades para freelancers<\/span>\n\t\t\t\t\t<\/span>\n\t\t\t\t\t<\/a>\n\t\t\t\t<\/div>\n\t\t\t\t\t\t\t\t<\/div>\n\t\t\t\t<\/div>\n\t\t\t\t\t<\/div>\n\t\t<\/div>\n\t\t\t\t\t<\/div>\n\t\t<\/section>\n\t\t<div class=\"elementor-element elementor-element-abab106 e-con-full e-flex e-con e-parent\" data-id=\"abab106\" data-element_type=\"container\" data-e-type=\"container\">\n\t\t<div class=\"elementor-element elementor-element-e7a1dfd animated-slow e-con-full e-flex elementor-invisible e-con e-child\" data-id=\"e7a1dfd\" data-element_type=\"container\" data-e-type=\"container\" data-settings=\"{&quot;animation&quot;:&quot;fadeInLeft&quot;,&quot;animation_delay&quot;:700}\">\n\t\t\t\t<div class=\"elementor-element elementor-element-21f83fa elementor-widget elementor-widget-image\" data-id=\"21f83fa\" data-element_type=\"widget\" data-e-type=\"widget\" data-widget_type=\"image.default\">\n\t\t\t\t<div class=\"elementor-widget-container\">\n\t\t\t\t\t\t\t\t\t\t\t\t\t\t\t<img fetchpriority=\"high\" decoding=\"async\" width=\"800\" height=\"534\" src=\"https:\/\/winandwinnow.com\/site\/wp-content\/uploads\/2025\/11\/join-our-team-scaled-1-1024x683.webp\" class=\"attachment-large size-large wp-image-17247\" alt=\"Group of young professionals chatting during a coffee break.\" srcset=\"https:\/\/winandwinnow.com\/site\/wp-content\/uploads\/2025\/11\/join-our-team-scaled-1-1024x683.webp 1024w, https:\/\/winandwinnow.com\/site\/wp-content\/uploads\/2025\/11\/join-our-team-scaled-1-300x200.webp 300w, https:\/\/winandwinnow.com\/site\/wp-content\/uploads\/2025\/11\/join-our-team-scaled-1-768x512.webp 768w, https:\/\/winandwinnow.com\/site\/wp-content\/uploads\/2025\/11\/join-our-team-scaled-1-1536x1024.webp 1536w, https:\/\/winandwinnow.com\/site\/wp-content\/uploads\/2025\/11\/join-our-team-scaled-1.webp 1920w\" sizes=\"(max-width: 800px) 100vw, 800px\" \/>\t\t\t\t\t\t\t\t\t\t\t\t\t\t\t<\/div>\n\t\t\t\t<\/div>\n\t\t\t\t<\/div>\n\t\t<div class=\"elementor-element elementor-element-465af04 e-con-full e-flex e-con e-child\" data-id=\"465af04\" data-element_type=\"container\" data-e-type=\"container\">\n\t\t<div class=\"elementor-element elementor-element-e397188 e-con-full e-flex e-con e-child\" data-id=\"e397188\" data-element_type=\"container\" data-e-type=\"container\">\n\t\t\t\t<div class=\"elementor-element elementor-element-c1ee45c elementor-widget__width-initial elementor-widget elementor-widget-heading\" data-id=\"c1ee45c\" data-element_type=\"widget\" data-e-type=\"widget\" data-widget_type=\"heading.default\">\n\t\t\t\t<div class=\"elementor-widget-container\">\n\t\t\t\t\t<h2 class=\"elementor-heading-title elementor-size-default\">Abrazamos la diversidad<\/h2>\t\t\t\t<\/div>\n\t\t\t\t<\/div>\n\t\t\t\t<div class=\"elementor-element elementor-element-e8a0f6e elementor-widget__width-initial elementor-widget elementor-widget-text-editor\" data-id=\"e8a0f6e\" data-element_type=\"widget\" data-e-type=\"widget\" data-widget_type=\"text-editor.default\">\n\t\t\t\t<div class=\"elementor-widget-container\">\n\t\t\t\t\t\t\t\t\t<p style=\"text-align: left;\">En Win &amp; Winnow, queremos que todas las personas:<\/p><ul><li style=\"text-align: left;\"><p>Se sientan bienvenidas, apreciadas y libres de ser como son<\/p><\/li><li style=\"text-align: left;\"><p>Den lo mejor de s\u00ed mismas en cada tarea sin temor a sufrir alg\u00fan tipo de discriminaci\u00f3n<\/p><\/li><li style=\"text-align: left;\"><p>Compartan sus experiencias, ideas y pensamientos para ayudarnos a crear un lugar de trabajo cada vez m\u00e1s inclusivo<\/p><\/li><li style=\"text-align: left;\"><p>Promuevan una cultura de diversidad e inclusi\u00f3n en sus equipos<\/p><\/li><\/ul>\t\t\t\t\t\t\t\t<\/div>\n\t\t\t\t<\/div>\n\t\t\t\t<\/div>\n\t\t\t\t<\/div>\n\t\t\t\t<\/div>\n\t\t\t\t<\/div>\n\t\t","protected":false},"excerpt":{"rendered":"<p>\u00a1Queremos trabajar con personas como t\u00fa!\u200b Impacta a trav\u00e9s del lenguaje. \u00danete a nuestra misi\u00f3n de hacer posible la transformaci\u00f3n de la vida a trav\u00e9s de la comunicaci\u00f3n global y la informaci\u00f3n accesible. Puestos Full-Time Oportunidades para freelancers Abrazamos la diversidad En Win &amp; Winnow, queremos que todas las personas: Se sientan bienvenidas, apreciadas y [&hellip;]<\/p>\n","protected":false},"author":1,"featured_media":0,"parent":0,"menu_order":0,"comment_status":"closed","ping_status":"closed","template":"","meta":{"content-type":"","om_disable_all_campaigns":false,"_monsterinsights_skip_tracking":false,"_monsterinsights_sitenote_active":false,"_monsterinsights_sitenote_note":"","_monsterinsights_sitenote_category":0,"footnotes":""},"class_list":["post-14461","page","type-page","status-publish","hentry"],"_links":{"self":[{"href":"https:\/\/winandwinnow.com\/site\/wp-json\/wp\/v2\/pages\/14461","targetHints":{"allow":["GET"]}}],"collection":[{"href":"https:\/\/winandwinnow.com\/site\/wp-json\/wp\/v2\/pages"}],"about":[{"href":"https:\/\/winandwinnow.com\/site\/wp-json\/wp\/v2\/types\/page"}],"author":[{"embeddable":true,"href":"https:\/\/winandwinnow.com\/site\/wp-json\/wp\/v2\/users\/1"}],"replies":[{"embeddable":true,"href":"https:\/\/winandwinnow.com\/site\/wp-json\/wp\/v2\/comments?post=14461"}],"version-history":[{"count":21,"href":"https:\/\/winandwinnow.com\/site\/wp-json\/wp\/v2\/pages\/14461\/revisions"}],"predecessor-version":[{"id":19448,"href":"https:\/\/winandwinnow.com\/site\/wp-json\/wp\/v2\/pages\/14461\/revisions\/19448"}],"wp:attachment":[{"href":"https:\/\/winandwinnow.com\/site\/wp-json\/wp\/v2\/media?parent=14461"}],"curies":[{"name":"wp","href":"https:\/\/api.w.org\/{rel}","templated":true}]}}